of 44105140?
True
Is 582 a factor of 442124104?
False
Does 145 divide 1152639655?
True
Does 19 divide 567426805?
False
Is 856 a factor of 50351632?
True
Is 36 a factor of 42302580?
False
Does 2149 divide 1446500848?
False
Is 121 a factor of 511194629?
True
Is 369631 a multiple of 17?
True
Is 1039946601 a multiple of 1084?
False
Is 862 a factor of 1840370?
True
Is 18 a factor of 20781900?
True
Is 1557 a factor of 13746753?
True
Is 138083944 a multiple of 57?
False
Does 19 divide 453902837?
True
Does 432 divide 639648?
False
Is 3119325483 a multiple of 337?
False
Does 153 divide 36831231?
True
Is 10 a factor of 159933357?
False
Is 40 a factor of 214302907?
False
Is 9 a factor of 76189741?
False
Is 560 a factor of 35819280?
True
Is 297 a factor of 7809021?
True
Does 6 divide 494041366?
False
Is 328 a factor of 2081255694?
False
Is 605 a factor of 11659560?
True
Is 435967367 a multiple of 13?
False
Is 49 a factor of 109988781?
True
Is 64040709 a multiple of 16?
False
Is 460192320 a multiple of 1087?
True
Is 27138896 a multiple of 232?
True
Does 96 divide 2328480?
True
Is 16862120 a multiple of 1045?
True
Is 54842652 a multiple of 36?
True
Does 6 divide 30896434?
False
Is 108 a factor of 4497224112?
True
Is 940658859 a multiple of 2583?
True
Is 1168014071 a multiple of 2444?
False
Does 30 divide 5806860?
True
Is 124 a factor of 29629552?
True
Does 6 divide 169068301?
False
Is 218795880 a multiple of 8?
True
Is 26246150 a multiple of 295?
True
Is 26 a factor of 93608310?
False
Is 289875900 a multiple of 645?
True
Does 816 divide 1643077985?
False
Is 1442 a factor of 29246592?
False
Does 62 divide 149597844?
False
Is 1181 a factor of 99671676?
True
Does 1267 divide 104153738?
False
Is 95998527 a multiple of 207?
True
Is 66 a factor of 61485468?
True
Is 12 a factor of 292687132?
False
Does 586 divide 34580435?
False
Is 2559 a factor of 476542098?
True
Is 74 a factor of 427149334?
False
Is 41 a factor of 31918090?
True
Is 637 a factor of 902646836?
True
Is 22 a factor of 17465409?
False
Does 128 divide 22208000?
True
Is 3184046752 a multiple of 18?
False
Is 15933086 a multiple of 6?
False
Is 44657505 a multiple of 5?
True
Does 2595 divide 61825875?
True
Is 1707 a factor of 381173142?
False
Does 45 divide 863561?
False
Is 225 a factor of 86810173?
False
Is 14691520 a multiple of 91?
False
Is 80 a factor of 765913280?
True
Is 753 a factor of 946694899?
False
Is 10 a factor of 52615340?
True
Is 774 a factor of 385324797?
False
Is 293583 a multiple of 4?
False
Does 4 divide 203092699?
False
Is 1231 a factor of 9660674?
False
Does 113 divide 292652197?
False
Does 11 divide 4241505767?
False
Does 74 divide 793250662?
False
Is 575088223 a multiple of 4506?
False
Is 35201657 a multiple of 78?
False
Does 13 divide 499551455?
True
Does 235 divide 41873005?
True
Does 162 divide 1105828362?
True
Is 177 a factor of 33214608?
False
Is 756 a factor of 55402704?
True
Is 39791120 a multiple of 80?
True
Is 9823875 a multiple of 25?
True
Is 2509284195 a multiple of 33?
True
Is 373 a factor of 40746893?
True
Is 216 a factor of 998844480?
True
Is 930 a factor of 703810397?
False
Does 65 divide 3718889497?
False
Is 1444 a factor of 27967568?
False
Is 5152 a factor of 235616416?
True
Is 231 a factor of 300618277?
False
Is 370989619 a multiple of 77?
True
Is 913 a factor of 138581531?
True
Is 51413334 a multiple of 42?
True
Is 5165160 a multiple of 91?
True
Is 96765539 a multiple of 31?
True
Is 2 a factor of 81958537?
False
Does 219 divide 24167202?
False
Is 21 a factor of 60927993?
True
Is 23 a factor of 3506026?
False
Is 63 a factor of 1302111720?
True
Does 37 divide 47149213?
False
Is 809 a factor of 13186231?
False
Does 50 divide 70047429?
False
Is 1489360 a multiple of 330?
False
Does 76 divide 11536195?
False
Is 131 a factor of 31133818?
False
Is 1042921155 a multiple of 1933?
True
Is 70070616 a multiple of 2541?
True
Does 202 divide 1044822780?
True
Is 3569405 a multiple of 85?
True
Is 422338582 a multiple of 79?
True
Is 11 a factor of 1504978869?
False
Is 174 a factor of 265935510?
True
Is 66046384 a multiple of 873?
False
Does 114 divide 240988590?
True
Is 2334 a factor of 49731517?
False
Does 74 divide 7161359?
False
Does 259 divide 130733849?
False
Is 7013 a factor of 764346870?
True
Is 22536803 a multiple of 193?
True
Is 28625780 a multiple of 20?
True
Is 1042865312 a multiple of 1174?
False
Is 3828 a factor of 86146142?
False
Is 438 a factor of 390790107?
False
Is 60681932 a multiple of 58?
False
Is 169 a factor of 3415201?
False
Is 65 a factor of 59132833?
False
Is 14388616 a multiple of 8?
True
Does 160 divide 560960?
True
Is 215969931 a multiple of 2001?
True
Does 18 divide 480496547?
False
Is 23 a factor of 39576389?
False
Does 130 divide 17531150?
True
Is 278 a factor of 57981348?
True
Does 155 divide 1436286204?
False
Does 34 divide 603848160?
True
Does 358 divide 70154534?
False
Is 1669214106 a multiple of 49?
True
Is 511455943 a multiple of 963?
False
Does 1763 divide 106195618?
False
Is 494907486 a multiple of 8?
False
Does 56 divide 99111600?
True
Is 11 a factor of 112914791?
True
Is 3646130124 a multiple of 7738?
True
Is 2802816 a multiple of 133?
False
Is 1138592250 a multiple of 787?
True
Is 12 a factor of 21858828?
True
Does 88 divide 1171985584?
True
Is 21772280 a multiple of 1033?
False
Does 1057 divide 32705694?
True
Does 14 divide 67678086?
True
Does 34 divide 36456364?
True
Does 361 divide 8289202014?
False
Does 171 divide 2578158963?
True
Does 5 divide 12904195?
True
Is 60358732 a multiple of 106?
True
Is 31 a factor of 76049155?
False
Does 50 divide 237016?
False
Does 25 divide 65704097?
False
Does 16 divide 8990048?
True
Is 1562 a factor of 364719190?
True
Is 41488602 a multiple of 17?
True
Is 4206 a factor of 466529520?
True
Does 2 divide 16904676?
True
Is 2637302762 a multiple of 464?
False
Is 5340 a factor of 291542640?
True
Is 617 a factor of 805344814?
False
Is 38 a factor of 151791760?
True
Is 129693894 a multiple of 158?
False
Is 14 a factor of 18484016?
False
Is 59703128 a multiple of 228?
False
Is 207 a factor of 128018677?
False
Is 1066701763 a multiple of 546?
False
Does 25 divide 11306447?
False
Does 118 divide 31689018?
True
Is 31 a factor of 1638412?
True
Is 8954 a factor of 894701588?
True
Is 6 a factor of 131831051?
False
Is 15 a factor of 50510396?
False
Does 8 divide 694156?
False
Does 312 divide 43186104?
True
Is 601 a factor of 36015526?
True
Is 16597075 a multiple of 1935?
False
Is 409 a factor of 1143245692?
False
Is 14 a factor of 1321820376?
False
Does 1432 divide 29950280?
True
Does 541 divide 470528627?
False
Is 157191933 a multiple of 2?
False
Does 80 divide 30031982?
False
Does 19 divide 462142586?
True
Is 25891416 a multiple of 27?
False
Is 6732271 a multiple of 167?
True
Is 38 a factor of 903264520?
False
Is 25592190 a multiple of 1866?
True
Is 15882747 a multiple of 8?
False
Does 35 divide 4859497721?
False
Is 508736172 a multiple of 437?
True
Is 27 a factor of 94539927?
False
Is 42354650 a multiple of 26?
True
Is 7989 a factor of 354951270?
True
Does 347 divide 87525198?
True
Is 118427967 a multiple of 1107?
True
Is 1947823685 a multiple of 10?
False
Is 65244036 a multiple of 26?
True
Is 22 a factor of 14180143?
False
Does 10 divide 125216420?
True
Is 32289176 a multiple of 67?
True
Is 121 a factor of 1262151?
True
Is 20 a factor of 190533?
False
Is 16 a factor of 33574672?
True
Is 1048 a factor of 34483392?
True
Does 12 divide 33825912?
True
Is 27 a factor of 110754905?
False
Does 29 divide 8514881?
False
Is 2196533 a multiple of 27?
False
Is 32658009 a multiple of 40?
False
Does 3289 divide 538708599?
True
Is 14979953 a multiple of 337?
False
Is 601 a factor of 9891859?
True
Is 354 a factor of 34850592?
True
Is 1944425129 a multiple of 21?
False
Is 8649 a factor of 252421065?
True
Is 31 a factor of 3677478940?
False
Is 56 a factor of 531230632?
False
Is 460 a factor of 2332676100?
True
Does 13 divide 2125411?
False
Does 11933 divide 2121305544?
True
Is 3 a factor of 263822?
False
Is 37 a factor of 7711235?
False
Is 3069314985 a multiple of 13?
False
Does 2 divide 2464085?
False
Is 6796091 a multiple of 76?
False
Is 49851240 a multiple of 584?
False
Is 1312575735 a multiple of 3768?
False
Is 91217329 a m